 d(n) = n + 12389 - 12389 - n**x - 12*n**3. Give d(y).
-12
Let q(i) = -19*i. Suppose 59*p - 96 + 27 = 49. Suppose -f + 20 = -3*r, 15 = -4*r - 0*r - f. Let g be (20/4)/r + p. What is q(g)?
-19
Let z(l) = 2*l**2 + 2*l. Let m be z(1). Let u(o) = -4 + 84*o - 49*o - 71*o**2 - 42*o + 73*o**2. Determine u(m).
0
Let z(y) = -y - 15. Let p(b) = b**2 + 24*b + 28. Let d(j) = -j**3 - j**2 + 2*j - 23. Let q be d(0). Let v be p(q). Let i be (9/2 - v)*0. Determine z(i).
-15
Suppose c + 1 + 2 = 0. Let q(h) be the second derivative of -7*h**3/6 - h**2 + 1174*h. What is q(c)?
19
Let i be (320/14)/(2/7). Let t(p) = -80*p + 233*p - 5 - i*p - 71*p. Suppose -5*r = -5*g - 15, 0*g + 9 = -2*g - r. What is t(g)?
-13
Let f(a) = 5*a - 6. Suppose -10*o + 3*o - 63 = 0. Let x be 2/(-3) - 51/o. Let p(k) = -6*k + 6. Let l(s) = x*f(s) + 4*p(s). Determine l(10).
4
Let p(z) = -z**3 - z**2 + 9*z + 8. Let k be p(-3). Let f(u) be the second derivative of -u + 9/20*u**5 + 0*u**3 - 1/6*u**4 + 0 + 1/2*u**2. Give f(k).
-10
Let z(a) = 14*a - 34. Let u(p) = 3. Let m(f) = -12*u(f) - z(f). Give m(-3).
40
Suppose 3*b - 46 = -5*j, 4*b + 8 + 24 = 5*j. Let d = 8 + -4. Let o(m) = -12 + j - d - m + 0*m. Give o(0).
-8
Let w(u) be the third derivative of u**4/24 - 20312*u**2. Let r(t) = -t + 1. Let g be r(-8). Give w(g).
9
Let s(r) = -7*r**2 + 15*r - 5. Let m(n) = -20*n**2 + 44*n - 15. Suppose 5*c = -0*c - 85. Suppose -66 = 7*a - 18*a. Let v(j) = a*m(j) + c*s(j). Calculate v(9).
-5
Let n(c) = 2*c**3 + c**2 + 2*c + 4. Suppose 0 = 5*q - 5*k - 15, -71 + 65 = -2*q - 4*k. Determine n(q).
73
Suppose 16*d - 39 = 2905. Let s be (92/d)/((-1)/(-8)). Let k(l) = -14*l + 1. Determine k(s).
-55
Let p be 3/(-4)*7/(14/200). Let u = p - -78. Let i(a) = u*a**2 - 2 + a**2 + 1. Determine i(-1).
3
Let h(q) = -q**3 + 6*q**2 - 5*q - 5. Suppose 3054 - 12018 = -18*r. Let t = r - 493. Determine h(t).
-5
Suppose -a + 5 = 7. Let o(l) = -23*l - 3. Let d(y) = -40*y - 6. Let s(k) = 3*d(k) - 5*o(k). Determine s(a).
7
Let g(h) = 4*h**2 - 14*h + 160. Let m be g(7). Let t = m + -254. Let s(j) = -3*j. Give s(t).
-12
Let h = -787 - -801. Suppose 0 = h*j - 153 + 111. Let s(t) = -3*t**2 + 4*t - 3. What is s(j)?
-18
Let x(f) be the third derivative of f**6/120 + 3*f**5/20 + f**4/2 - 11*f**3/3 - 13*f**2 + f - 7. Give x(-7).
-8
Let o(r) be the third derivative of -r**5/60 + 11*r**4/24 - 10*r**3/3 + 692*r**2. Calculate o(3).
4
Let o(f) = -84*f + 1361. Let d be o(16). Let q(k) = k**3 - 9*k**2 - 5*k + 35 - 8*k**2 + 3*k. Calculate q(d).
1
Suppose 4*y - 17*y = -338. Let g be (-2)/8*(y - 54). Let h(s) = -s**3 + 8*s**2 - 9*s + 7. Determine h(g).
-7
Let s(b) = -b**2 + 15*b + 783. Let l be s(36). Let y(x) = -x**2 + 10*x + 461. Determine y(l).
2
Let o(c) = -c**3 - 10*c**2 + 20*c + 109. Let h be o(-11). Let i(k) = -2*k**2 + 19*k + 6. Determine i(h).
-4
Let i(q) be the third derivative of 203*q**2 + 0*q + 0*q**3 + 1/4*q**4 + 0. What is i(1)?
6
Let n(m) be the second derivative of -14*m + 1/3*m**3 - 2*m**2 + 1/6*m**4 - 1/20*m**5 + 2. Give n(3).
-7
Let f(c) = c**3 + c. Let u(t) = 12*t**3 + 4*t**2 + 3*t - 4. Let i(s) = 3*f(s) - u(s). Let b(g) = -2*g**3 - g**2 + 1. Let h(m) = -5*b(m) + i(m). Determine h(-2).
-5
Let y(m) = -25 - 4*m + 2*m + 6*m - 5*m. Suppose 11*s - 13*s - 4*p = -16, -3*p = -s - 12. What is y(s)?
-25
Let t(i) = i**3 - 6*i**2 - 6. Let l(u) = -u**3 + 8*u**2 + 9*u + 6. Let d = 49 - 64. Let b be (54/d)/((-2)/5). Let a be l(b). Calculate t(a).
-6
Let f(t) = -8 + 237 + t - 2*t - 229. Let d(s) = -3 - 2*s**2 + 5*s**2 + s**3 - 1 - s - 4*s**2. Let u be d(0). Give f(u).
4
Let u(y) = -14. Let q(d) = -3*d**2 - 36*d - 88. Let s(z) = q(z) - 6*u(z). Give s(-12).
-4
Let n be (24/16)/(99/(-924)). Let h(x) = 6*x + 88. Calculate h(n).
4
Let r be 1 + 1 + 3*((-37)/3 + 10). Let z(c) be the second derivative of c**5/20 + c**4/2 + 7*c**3/6 + 3*c**2 - 21*c. Give z(r).
-4
Let g(u) = 6*u + 4453*u**2 - 4448*u**2 + 3*u + u**3 - 1 - 5*u. Determine g(-2).
3
Let k(y) = 11*y**2 - 15*y - 121. Let q(g) = 13*g**2 - 14*g - 122. Let t(a) = 6*k(a) - 5*q(a). Let s(h) be the first derivative of t(h). Calculate s(9).
-2
Let l(o) = -o + 7. Let y be 2262/(-58)*72/(-54)*(-2)/(-8). Determine l(y).
-6
Let c = 35407 - 35396. Let m(t) = 26*t**2 - 287*t + 15. Determine m(c).
4
Let l(i) = 31*i + 5*i - 2*i**3 - 19*i - 2*i**2 + 3 + 6*i. Determine l(3).
0
Suppose 5*m + 5*g = -13 + 3, -m - 2*g = -2. Let l(p) be the second derivative of -138*p + 7/12*p**4 + 0 + 3/2*p**2 + 1/20*p**5 + 3/2*p**3. What is l(m)?
-15
Suppose -4*j = 10*t - 12*t - 28, 26 = 4*j - t. Suppose -2*c - 4*r - 8 = 0, -5*c - 27*r = -24*r + j. Let n(z) = -2*z. Determine n(c).
0
Suppose -5*m - 8*m = -104. Suppose 0 = 4*z - m*z + 4. Let w(j) = -7*j + j - z + j**2 + 2*j + 6*j. What is w(3)?
14
Suppose -73*s = -44*s - 87. Let j(y) = 5*y**3 - 8*y**3 + 6*y**3 - 10*y**s + 6*y**3 + 9. Determine j(0).
9
Let w(j) = -j**3 - 29*j**2 - 79*j - 14. Let m = 11817 - 11843. Give w(m).
12
Let h be ((-2)/(-5))/((-4)/(-20)). Let k(x) = 2*x**3 + 18*x**2 + 20*x + 34. Let s be k(-8). Let d(b) = 2*b - b**s - 24 + 62 - 14 - 24. Calculate d(h).
0
Let d(s) = -2*s**2 - 14*s + 1. Let u = 15699 + -15706. What is d(u)?
1
Let c(w) = -11*w**3 + 15*w**2 - 4*w + 24. Let o(b) = -69*b**3 + 94*b**2 - 25*b + 146. Let q(k) = -25*c(k) + 4*o(k). Suppose -2*l = 3*l. Calculate q(l).
-16
Let w(n) = -3*n**2 - 5*n + 4. Let a(i) = -7*i**2 - 10*i + 10. Let s(f) = 4*a(f) - 9*w(f). Suppose 15*o = 5*o - 360. Let l = o - -43. Give s(l).
-10
Let j be (2 - 7)*-1*1. Suppose 4*s - 7 = 3*b, -5*b + 10 + 25 = j*s. Let u(a) = 5 + 2 - 4 - 14*a - 7*a + 18*a. Give u(s).
-9
Let x be (-5)/15*3 + 266. Let o(b) = -92 - 89 - b + x - 85. Suppose -l + 1 = -5. Calculate o(l).
-7
Let y(t) = t**3 - 2*t**2 - 3*t - 2. Let k be y(3). Let o = 188 - 186. Let m(a) = 48*a - 5 - a**2 + a**3 - 49*a + 2 + 4 - o. What is m(k)?
-11
Let m(j) = j - 8. Let d(h) = 7*h - 36. Let l(f) = d(f) - 4*m(f). What is l(-3)?
-13
Let w(r) = r**2 - 8*r + 5. Suppose -7*p + 91 + 133 = 0. Suppose -n - 2*g + 12 = 0, 3*n = -g + p - 11. What is w(n)?
-7
Let w(t) be the first derivative of t**3/3 - 21*t**2/2 + 22*t + 1703. What is w(18)?
-32
Let f = 1351 - 1355. Let s(p) be the second derivative of -p**5/20 - 5*p**4/12 - p**3/6 + 3*p**2/2 - 3*p. Determine s(f).
-9
Let z(o) be the first derivative of -o**3/3 + o**2/2 + 2*o - 2. Suppose -2*f - 46 - 118 = 0. Let q = -80 - f. Determine z(q).
0
Let s(b) be the third derivative of 2/3*b**3 - 1/60*b**5 + 0 - 3*b**2 + 6*b - 11/24*b**4. Determine s(-11).
4
Let o(v) = -v**3 + 4*v**2 + 10*v - 4. Let c be o(4). Suppose w - 7*w + c = 0. Suppose w*q = -37 + 19. Let u(y) = -3*y - 1. Determine u(q).
8
Suppose -5*j - 2*s = -2, 32 = j - 5*s + 10. Let c(b) = -j - 62*b - 2*b**2 + 3 + 113*b - 53*b. Give c(-2).
-3
Suppose q + 12 = 5*q. Let l(h) = -2 + 2*h**2 - 1 - 3*h**2 + q*h. Let v = -14433 - -14435. Calculate l(v).
-1
Let o(s) = -7 - 13*s + 51*s - 11*s - 11*s - 13*s. Determine o(8).
17
Let v(l) = -3*l + 9*l - 5*l - 4 - 3*l. Suppose 0 = g + 3 - 0, -2*g - 10 = m. Calculate v(m).
4
Let z(n) = n + 1. Let s(f) = f**3 - 6*f**2 - 2*f - 5. Let r(c) = -s(c) - z(c). Let i(t) = 2*t**2 - 9*t - 89. Let o be i(-5). Calculate r(o).
10
Let r be (-4)/2 - 0 - (4 - 11). Suppose -4*i - 28 = -5*h - 6, -r*h = -2*i - 16. Let n(d) = -h + 4 + d - 12 + 0. Give n(7).
-3
Suppose 5313 = 17*f - 2966. Let l = f + -482. Let s(z) = -z**2 + z + 1. What is s(l)?
-19
Let w(s) = -4*s**2 - 10*s + 7. Let k(n) be the third derivative of n**5/12 + n**4/2 - 3*n**3/2 - 2*n**2 + 27*n. Let l(a) = 5*k(a) + 6*w(a). What is l(-2)?
1
Let k = 1676 - 1678. Let b(v) = -5*v**3 - v**2 - 2*v - 2. Give b(k).
38
Let q = 3652 + -3646. Let t(n) = -n**3 + 4*n**2 + 9*n - 12. What is t(q)?
-30
Let c(a) = a**2 + 5*a + 6. Let k be c(-5). Let q(u) = -u**2 + 4*u**2 - 2*u**3 + 10*u + k*u**2 + 4 + u**3. Calculate q(10).
4
Let k(i) be the first derivative of 41 + 6*i + 1/2*i**2. Calculate k(-9).
-3
Suppose 19 = -9713*j + 9694*j. Let p(v) = -16*v - 25. Calculate p(j).
-9
Let x(o) = 2*o + 30. Let z be x(-12). Suppose 3*d = -z - 0. Let t(v) = v**2 + 3*v + 2. Determine t(d).
0
Let p(g) = 255 - 523 - 4*g + 263. Calculate p(1).
-9
Let k(g) = -3*g + 1. Let x(j) = -j. Let o(p) = -5*k(p) + 6*x(p). Let u(b) = -7*b + 6. Let q(t) = -2*o(t) - 3*u(t). Calculate q(6).
10
Let x(l) = -l